Let b = g + 115. Let j = 63 + -26. What is the highest common factor of b and j?
37
Suppose 5*h + 4*w - 901 = 2015, h = -5*w + 621. Calculate the greatest common divisor of 14544 and h.
144
Let j = 12925 + -12885. Let b(c) = -c + 7. Let y be b(7). Suppose -3*w + 5*w - 200 = y. Calculate the greatest common factor of j and w.
20
Suppose -x = -4*o + 236 - 232, 2*x - 4*o - 8 = 0. Calculate the greatest common divisor of x and 564.
12
Suppose 2*q - 10 = 4*v - 6*v, 5*q - 2*v = -10. Suppose -208*a + 207*a + 56 = q. Calculate the greatest common factor of a and 616.
56
Suppose -r + 6 = 3*o, -10*o - 4*r = -13*o - 9. Let u be (o + 10)/((-6)/(-354)). Calculate the greatest common divisor of 11 and u.
11
Let m = 5908 + 3548. What is the greatest common factor of m and 4?
4
Suppose a - 1534 + 6075 = 5*r, 4*r - 3628 = 2*a. Suppose 2*d + 186 = g, 5*g - 6*d - r = -3*d. What is the highest common divisor of g and 72?
36
Let l be 4 - 0 - 3/(6/4). Let u(d) = 3*d + 2 - 1 + 6*d**l - 2 - 5. Let v be u(-3). What is the greatest common factor of 78 and v?
39
Suppose 2*p - 460 - 376 = -12*k, 0 = -4*p - 8. Calculate the greatest common divisor of 616 and k.
14
Let o(v) = -10*v**2 - 3*v - 24. Let t(w) = -4*w**2 - w - 8. Let s(f) = 6*o(f) - 17*t(f). Let q be s(2). Calculate the highest common divisor of q and 198.
22
Let a(y) = 15*y + 5. Suppose 7 = 3*v + 4*c, c + 5 = 5*v + 6*c. Let z be a(v). Let q = z - -66. Calculate the greatest common divisor of q and 78.
26
Suppose 3*z + 2 = -2*w + 6, 3*z = -w + 2. Let l be 295 - (2 + z)*-1. Calculate the greatest common factor of 27 and l.
27
Suppose 3*y + 101 = 4*s + 2*y, -4*s = 4*y - 76. Let z = 226 + -118. What is the greatest common divisor of s and z?
12
Suppose -85549*a + 85544*a = -23050. Calculate the greatest common divisor of 50 and a.
10
Let t(p) = 138*p + 24 + 136*p - 273*p. Let j be t(-11). Let q = 17 + -4. Calculate the highest common divisor of j and q.
13
Let n be 1/(-1 - (-12)/11). Suppose 3*k + 4*u - 411 = 0, -137*k + 2*u - 266 = -139*k. Calculate the highest common factor of n and k.
11
Suppose 0 = -200*p + 199*p - d + 243, 2*p - 426 = 3*d. Let o = 1 + -5. Let r be (-290)/(-14) - o/14. Calculate the highest common divisor of p and r.
21
Suppose -5*h - 5*p - 27 = -17, h = 5*p + 28. Suppose -q - 31*s + 30*s + 4 = 0, -3 = -2*q + h*s. What is the greatest common factor of q and 21?
3
Suppose -3*y + 4353 + 13485 = 2*k, k + 5951 = y. Calculate the highest common divisor of 4 and y.
4
Let k = 331 + -188. Let w be 2/3 + 32/(-3). Let s = w + 23. What is the highest common factor of k and s?
13
Let d = 826 - 820. Suppose 2*p - 3 = 1. Suppose r + p*r = d. What is the greatest common divisor of r and 1?
1
Let d = 13647 + -11313. What is the highest common factor of 42 and d?
6
Suppose 6 = -5*x - 14. Let j = 7 + x. Suppose 4*g - 24 = -2*v, -4*v = -0*g - g - j. Calculate the greatest common factor of v and 5.
1
Let w be (2 + (-4)/4)*459. Calculate the greatest common divisor of 119 and w.
17
Let x be (-1)/(351/(-87) + (-12)/(-3)). Suppose 656*g + 348 = 660*g. Calculate the highest common factor of g and x.
29
Let o = -2736 - -2771. Calculate the highest common factor of o and 49.
7
Let p = 2470 + -2457. Let n = 79 + -43. Let f = -10 + n. What is the greatest common divisor of f and p?
13
Let w be (216/21)/((-6)/(-112)). Suppose -4*k + 2 + 2 = 0, 3*i = 3*k + 189. What is the highest common factor of w and i?
64
Suppose 3*s - 57 + 66 = 0. Let h(j) = 10*j**2 + 9*j - 8. Let o be h(s). What is the greatest common divisor of o and 10?
5
Let q = 8 - -34. Let c be (6/(-4) - -2)*(57 - 1). Calculate the greatest common divisor of q and c.
14
Let h = 522 + 168. Suppose -95*v - h = -101*v. What is the greatest common divisor of v and 23?
23
Let c(u) = u**3 - 8*u**2 + 13*u + 12. Let x be c(10). Suppose 4*m - 149 = -3*a, -5*m + 56 + 133 = a. Calculate the highest common divisor of x and m.
38
Let z = -1 - 13. Let g be ((-216)/(-84))/((-2)/z). Let a be ((-6)/4)/((-17)/68). Calculate the greatest common divisor of g and a.
6
Suppose 78*u = -51*u + 322371. Calculate the highest common divisor of u and 1029.
147
Let q be 11774/22 - (-6)/(-33). What is the highest common divisor of 856 and q?
107
Let h(q) = -23*q + 44*q - 13*q - 16*q + 17. Let l be h(-4). Calculate the highest common divisor of 49 and l.
49
Let i be 4*(-6 - -4)*(-1)/(-2). Let h be i/3*63/(-42). Let k be 25 + 1*(h - (1 - -4)). What is the greatest common factor of k and 88?
22
Suppose -5*k - 51891 + 8001 = -5*g, 3*g + 2*k = 26299. What is the greatest common divisor of 49 and g?
49
Suppose 18*b - 19232 = 10*b. Suppose -b = -13*h + 27. Calculate the greatest common divisor of h and 34.
17
Suppose 5*y = y + 12. Let p(m) = m**3 - 2*m**2 + 9*m - 11. Let h be p(2). Let f = h + y. What is the highest common divisor of 80 and f?
10
Suppose 0 = 13*p - 0*p. Let r be (0 - (p + -11 - 0)) + -2. Let h(q) = -3*q + 41. Let y be h(r). Calculate the greatest common factor of 154 and y.
14
Let h be 10/4*32/40. Suppose -5*t - 4*z + 446 = -2*z, h*z = -2*t + 176. Let y be (-51)/(-9) - 5 - (-58)/3. What is the greatest common divisor of y and t?
10
Suppose 2*u = -5*g + 63, 4*u - 111 = -2*g - 3*g. Let z be (-9)/(-4)*32/u. Suppose -14 = -z*j + 58. Calculate the greatest common divisor of j and 32.
8
Let q(r) = r**3 - 2*r**2 - 3*r + 1. Let b be q(5). Suppose -11*i = -b + 6. What is the highest common factor of 15 and i?
5
Let m be (-1294)/(-12) + (-28)/(-168). What is the greatest common factor of m and 135?
27
Suppose -2*w + 3276 + 10918 = 3*p, 5*w = -5*p + 35485. Calculate the highest common divisor of 188 and w.
47
Suppose -5*h + 27 = -185*y + 188*y, 2*y = -12. What is the highest common divisor of h and 774?
9
Let o be (25/(-5) - 1353/(-297)) + (-25460)/(-18). Calculate the highest common divisor of 7 and o.
7
Let c(k) = 2*k**2 - k - 5. Let v be c(3). Let y = 16 + v. Let u = -20 + y. What is the greatest common divisor of u and 4?
2
Let j = 7 + 22. Suppose 4*y = -z + 18, 5*z + j = 3*y + 4. Let n = 245 + z. Calculate the highest common divisor of 27 and n.
27
Let i = -21 + 21. Suppose t = 4*s - 9*s + 3, 4*s + 9 = 3*t. Let p be 0 + i + 45 + t. Calculate the highest common factor of p and 12.
12
Let u(v) = 4*v - 72. Let d be u(26). Let q be (-3 - -11)/(d/368). Calculate the greatest common factor of 115 and q.
23
Let q(x) = x + 3. Let l be q(6). Let w be 2/(-6) + -49 + 13294/102. Calculate the highest common divisor of w and l.
9
Let r = 275 + 175. Let f = r - 261. What is the greatest common divisor of f and 21?
21
Let h(y) be the second derivative of y**3/6 + 29*y**2 - 44*y. Let l be h(-15). Calculate the highest common factor of 215 and l.
43
Let u be (288/56)/((-272)/140 - -2). Suppose 95*i - u*i - 1360 = 0. Calculate the greatest common divisor of i and 34.
34
Let a = 502 + -421. Let r(m) = m**3 - 3*m**2 + 2. Let w be r(3). Suppose 50 = 5*b + 5*f, -2*f - w*f - 5 = -b. What is the greatest common factor of b and a?
9
Let i be ((-45)/12)/((-5)/20). Suppose -i*s + 53 = -67. Calculate the greatest common factor of 10 and s.
2
Let n be (4 - (-30372)/66) + 8/(-44). Let s = n - 406. What is the greatest common factor of 580 and s?
58
Let n(a) = 96*a - 1738. Let g be n(46). Calculate the greatest common factor of 208 and g.
26
Suppose q - 236 = -4*k - 174, 3*q + 54 = 4*k. Let j(p) = 34*p**2 + 3*p - 1. Let m be j(4). Calculate the greatest common divisor of k and m.
15
Let q(m) = 3*m. Let f be q(8). Let g be (-8)/10 + (-99)/(-55). Suppose 3*d - 47 = n, 4*n = d - 13 + g. Calculate the greatest common divisor of d and f.
8
Let x be 11931/9 + 312/(-117). What is the highest common factor of 18 and x?
9
Suppose -4*t - 92 = -3*j, -179 + 48 = -4*j - 3*t. Suppose 0 = j*f - 38*f + 84. Let i = 296 + -170. What is the greatest common factor of i and f?
14
Let q be ((-196)/(-24) + -8)*34942 - 3/(-9). Calculate the greatest common divisor of q and 91.
91
Let a = -341 + 343. Let n be 13 + 1020 - ((6 - a) + -3). What is the highest common factor of n and 24?
24
Let t(z) = 2*z**3 + 3*z**2 + 4. Let m be t(3). Let s be -4 + 27*(-7)/1. Let g = 198 + s. What is the greatest common divisor of m and g?
5
Suppose -24*t = -168*t + 453 + 46779. Calculate the highest common factor of t and 288.
8
Let k(f) be the first deriva